t y(u) = 5*u**2 - u - 36. Let v = 134 + -145. Let h be y(v). Suppose 3*x = 3*b - 4458, -3*x + h = b - 886. Is b composite?
False
Suppose -10*y + 2*y = 8*y - 6563248. Is y a composite number?
False
Let a = -167212 - -247863. Is a a composite number?
False
Let w be (-3)/(-2)*1560/468. Let b be 6 + (1 - (3 - 0)). Suppose -a + 355 = 2*h, -b*a + w*h - 1067 = -7*a. Is a a prime number?
True
Let y(u) = 5*u**2 + 52*u - 11. Let k be y(12). Let w = -659 + k. Is w composite?
True
Let q(k) = 194*k**2 - 9*k - 50. Let j be q(-5). Suppose -7*i + 54902 - j = 0. Is i composite?
False
Is (6/(-4))/((1/28)/((-1760710)/420)) prime?
False
Is 31071 + 5 + 0 - (-2 - (-8 - 1)) a composite number?
False
Suppose -3*l + 2*t + 31 = 0, 3*l - 17 = -0*l - 5*t. Suppose 3*r + 5 = -4*j, -r + l = 3*j - 7*j. Is r*(919 - 0/3) a composite number?
False
Let x(c) = -14009*c - 5. Let f be x(2). Let b = 45704 + f. Suppose 0 = -3*p + b + 2656. Is p prime?
True
Let y = 1285559 - 804262. Is y a prime number?
True
Let n = -96 - -94. Let z(g) = -g**2 - 9*g - 10. Let u be z(n). Suppose 5*y + 11 - 273 = -d, 5*y - 1123 = -u*d. Is d a composite number?
True
Suppose -102961 = -46*u + 211541. Suppose 0 = -3*r + 6378 + u. Is r a composite number?
True
Let s = 105 + -113. Let v(q) = q**3 + 14*q**2 - 26*q + 1. Is v(s) composite?
False
Let m(y) = 1177*y**3 + 15*y - 45. Is m(4) composite?
True
Suppose -9*p + 4*p = 5*j - 78860, -3*j - 5*p + 47326 = 0. Is j a prime number?
True
Suppose -75*h = -69*h - 2562. Suppose 3*z + h = 5*y - 1237, 2*z + 1330 = 4*y. Is y prime?
True
Let b = 201 + -199. Suppose -b*c = 5*u - 15185, -c + 9110 = 4*u - u. Is u composite?
True
Let v(w) = 3*w**2 - 17*w + 3. Let u(a) = -2*a**2 + 11*a - 2. Let x(z) = 7*u(z) + 5*v(z). Let m be x(4). Is 2814/12 - (2 - m/(-6)) a prime number?
False
Suppose -3322 + 339591 = v. Is v a prime number?
False
Let y(d) = d**2 + 13*d - 1. Let t be y(-14). Suppose 1 - t = -6*n. Is n + 43*(-1 - -6) a prime number?
False
Let s = 146081 - -51398. Is s composite?
False
Let j(z) = z**3 - 80*z - 7. Let d be j(9). Suppose -d*t - 216272 = -18*t. Is t a composite number?
True
Let w(j) = 216*j - 36. Let r be w(6). Let u = r + 366. Suppose -u = -7*a - 373. Is a a composite number?
False
Let p = 133963 + 320308. Is p a composite number?
True
Let p be 552*(2 - 105/(-28)). Let h = -1013 + p. Is h a composite number?
False
Suppose -26*z + 10*z = 16944 - 171424. Is z a prime number?
False
Let m(t) = -2*t**2 - t. Let v(d) = -195*d**2 + 4*d - 2. Let x(l) = -4*m(l) - v(l). Is x(3) composite?
True
Let a = 5221 - 9270. Let p = 11426 + a. Is p prime?
False
Suppose 2*w = 6*u - 5*u + 1, 5*u - 5*w - 20 = 0. Suppose 2*v + 217 = u*v. Is v prime?
True
Is ((-74)/(-296))/((-6)/3176)*(-96 - -9) prime?
False
Suppose -4*p + 29565 = -2*l + 2182711, -3*l + 3229695 = -3*p. Is l a composite number?
False
Suppose 2*x - 5*d - 12 = -9*d, 3*x = d + 4. Is 0/2*(-1)/x - -13445 prime?
False
Let w = -262 + 131. Let x = -128 - w. Suppose 5*a = 4*v - 9409, x*v = 4*a + 6410 + 647. Is v a composite number?
False
Let q = 453102 - 235231. Is q composite?
True
Suppose 0 = -2*f + 5*f - 18. Suppose -6 = -x - f. Suppose -3538 = -5*p + g - 1202, x = 5*p + 4*g - 2331. Is p prime?
True
Let q(n) = -5316*n**3 - 20*n**2 - 52*n + 3. Is q(-3) a composite number?
True
Let m(u) = 144*u**2 + 91*u + 393. Is m(-4) composite?
False
Suppose 0 = -6*b + b - 2*t + 32, -27 = -4*b - 3*t. Suppose -4*u = -q + 6605, -b = -u + 4*u. Suppose -8723 - q = -8*d. Is d a prime number?
False
Is -42 + 24 + 1 + 2275908 composite?
True
Suppose 11 = -m + 3*c, 2*m - 4*c = -2*c - 2. Suppose 6*g = g - m*g. Suppose -h = -g*h - 571. Is h prime?
True
Let z(w) = -w**2 - 9*w - 1. Let p be z(-8). Suppose -b = -5*y + 5584, y + 10*b - 1120 = p*b. Is y a prime number?
True
Suppose -6626298 = 23*m - 65*m. Is m a prime number?
True
Let r(s) = 13*s**2 + 1. Suppose -2*k - 4 = -2*l + 10, -4*l + 10 = 2*k. Suppose -5*f - 3*q + 24 = 0, 2*q = -l*f + 8*f - 6. Is r(f) a prime number?
False
Let q(k) = -39*k**3 + 16*k**2 + 52*k + 128. Is q(-13) composite?
True
Is (-1)/(-2) - (-233316)/(-16)*46/(-69) composite?
True
Let z(i) = -i - 5 + i**2 + 11 + 6 - 5*i. Let v be z(4). Suppose u + 3*f = 107, 3*u - v*f - 373 = -0*f. Is u a composite number?
True
Suppose 41 = 2*d - 69. Let w be (d/(-25) - -1)*-635. Suppose w = -j + 7*j. Is j composite?
False
Suppose -435288 = 6*m - 5187858. Is m a prime number?
False
Let b = -259 - -267. Suppose -b*j = 50258 - 223674. Is j a prime number?
False
Suppose 4*b - 68920 = 9*v - 13*v, 2*v = -5*b + 34457. Is v composite?
False
Is (-6 + 3)*2472759/(-27) a prime number?
True
Suppose 417*f - 413*f - 65980 = 0. Is f prime?
False
Let r(g) = -2*g + 14. Let p be r(6). Let n be p/10 + 42258/(-15). Is n/(-5) + 6/(-15) a prime number?
True
Let u = -68 - -75. Suppose -12*f + u*f + 5*d + 8455 = 0, -3*d = 0. Is f a prime number?
False
Suppose -77*h = -39*h - 522082. Is h a composite number?
True
Is (345270946/1570)/(2 - (-3)/10*-6) prime?
True
Let q = 167 + -167. Suppose q = -21*i + 43189 + 29240. Is i composite?
False
Let s(q) = -184*q + 1. Let t be s(-1). Let f be ((-132)/(-21))/(3/(525/(-50))). Let a = f + t. Is a a prime number?
True
Suppose -55 = -7*z + 15. Suppose -35889 = z*a - 31*a. Is a a composite number?
False
Let v(n) = -51*n + 17. Let p be v(-8). Let j = 773 - p. Suppose -3*d + j = d. Is d prime?
False
Suppose -5*w = -0*w. Suppose s = -b + 3, 4*s + 2*b = 8*s. Is s + (-1260)/(-2) + w composite?
False
Suppose -27*r + 31*r + 3*n = 239272, -5*r = -n - 299109. Is r a prime number?
False
Let g = 129669 + -37698. Let m = g - 57702. Is m composite?
True
Is ((-1)/5)/((-7)/223615) a composite number?
False
Is ((-4775227)/58*(2 - 0))/((-1)/1) composite?
False
Let p be 0/((-2)/(-1))*-1. Suppose 19*n - 25*n + 9258 = p. Is n prime?
True
Let l(z) = -5057*z**3 - z**2 + 27*z + 28. Is l(-1) a composite number?
True
Let r = 85641 + 39206. Is r composite?
False
Let c = 322292 - -372111. Is c prime?
False
Suppose -49*w + 269807 = 10*w. Is w a prime number?
False
Suppose 8*d - 2*d - 14718 = 0. Suppose 65*c - 54*c = d. Is c prime?
True
Let l(y) = -11*y**2 - 40*y - 42. Let v be l(7). Let w(s) = -s**3 + 3*s**2 - 3*s - 1. Let x be w(3). Is (x/10)/(v/(-431) - 2) a prime number?
True
Let h(v) = 4*v**2 - 73*v + 16. Let x be h(18). Let l(t) = -569*t**3 + 6*t**2 + 6*t - 3. Is l(x) prime?
True
Suppose -6*l = -5*l - 2229. Let w be 0*(-2)/2 + l. Suppose -f + w = 4*q, -q = f + 9 - 567. Is q a prime number?
True
Let j(y) = 18022*y - 389. Is j(4) prime?
True
Let k be ((-3)/((-9)/(-510)))/(7/(-2884)). Suppose -17*w = 1275 - k. Is w a prime number?
False
Suppose -5*v - 2590 = h, 7750 = -4*h + h + 5*v. Let t = 6522 + h. Is t a prime number?
False
Let b(l) = -55 - 2*l**2 + 221*l**3 + 55 + l. Let q be b(1). Suppose -5*o + q + 415 = 0. Is o prime?
True
Suppose 0*x + 3 = -4*x + 5*p, -5*x = p + 11. Let c be -18*x*(-6)/(-3). Suppose 0 = 2*d + c - 910. Is d a composite number?
False
Suppose -29*g - 52*g = 60*g - 94916829. Is g a prime number?
False
Let r(n) = 635*n**2 + 10*n + 4. Let a(v) = 8*v - 59. Let t be a(8). Is r(t) prime?
False
Let h = 90 - 88. Let u(y) = 2*y - 1. Let a be u(h). Suppose -2*n + 2*t + 1345 = t, -a*n + 2028 = 2*t. Is n composite?
True
Let c be 6/1 + -5 + 0 + -8. Let y(p) = -24*p**3 + 9*p**2 + 10*p + 6. Is y(c) composite?
False
Let j be -4 + (-8)/4 - 2. Let t(h) = -4*h**3 - 11*h**2 + 5*h - 3. Let f be t(j). Suppose -4*n + p = -f, -1 = -p + 2. Is n a composite number?
True
Let s(j) = j**2 - 8*j - 11. Let k be s(13). Let d be (k/45)/((-2)/(-20)). Is (-1020)/(-9) - 4/d a composite number?
False
Suppose l - 27 = 4*x, -x - 5 = 4*l - 28. Suppose 0 = 4*i - l*i + 19797. Is i prime?
True
Suppose 2 = -s, -i + 7 = s - 3*s. Suppose i*g = 5*k + 11849, 0 = g + 7*k - 9*k - 3951. Is g a composite number?
False
Suppose -2*v = 5*w - 358265, -w + 31771 + 39882 = 5*v. Is w a composite number?
True
Let r = 865457 - 345486. Is r a composite number?
False
Suppose -41*n = -43*n + 4. Suppose -v = -t - 1108, -2*v - n*t + 5533 = 3*v. Let i = v - 266. Is i a prime number?
False
Let q(m) = -m**3 + 17*m**2 - 13*m - 36. Let x be q(16). Let s(d) = 35 - 17*d - 6*d - x*d + 13. Is s(-14) prime?
False
Let y(v) = -v + 3. Let x be y(-6). Let k(i) = -i**3 + 18*i**2 - 22*i - 5. Let r be k(16). Suppose r 